-5 - 2) + (-6 - 10 - -22)
-1
Calculate (4 - 4 - 0 - -1) + -33 + 28.
-4
Evaluate -28 + (8 - -8) - (-13 + 1).
0
Calculate (-6 - 1) + -87 + 84 + -11.
-21
What is -10 + (7 - 13) + -6 - -12?
-10
Evaluate 17 + -9 + -27 + 22.
3
What is the value of (13 - 13 - -4) + (0 - -5)?
9
Calculate (4 - (9 + (-7 - -9))) + 4.
-3
What is (14 - 16) + (-1 - (-5 + 0) - 14)?
-12
Calculate 54 + -31 + 12 - 17.
18
Calculate 4 + (6 - (2 - -3 - (3 - 6))).
2
Evaluate (-43 - -46) + (-1 - (18 - 7)).
-9
Evaluate 22 + (5 - ((-9 - -11) + -10)).
35
Calculate 20 + -27 + (2 - 1) + -3 + 3.
-6
-2 + 11 + -108 + 49 + 60
10
What is the value of (15 - (14 - 9)) + -14 + (0 - 7)?
-11
Calculate -3 + -3 + 7 + -5.
-4
Calculate -36 + -6 + 41 + -24.
-25
4 + -8 - (-12 - -4) - 23 - -9
-10
What is -1 - (-2 - 5) - (0 - (3 - 9))?
0
Evaluate -5 + 0 - -4 - -4 - 3 - -9.
9
20 + (3 - 12) + 4 - -2
17
(-10 + 2 + 4 - -9) + (-14 - 3)
-12
Calculate -16 - ((-10 - (-22 + 6)) + -5 + 3).
-20
What is (-1 - (-16 + 2)) + -4 + -7?
2
(1 - -14) + (-55 + 111 - 64)
7
What is (6 - (4 - 2)) + (-20 - -4) + 17?
5
Evaluate -16 + -10 + 20 + -3.
-9
29 + -29 + (2 - 7)
-5
Calculate -9 - ((0 + -2 + -6 - 6) + 7).
-2
(0 + 0 + 2 - 2) + 730 + -733
-3
Evaluate 3 - -2 - (6 - (-11 - -14)).
2
Calculate -1 + 8 - (-368 - -377).
-2
Evaluate 12 - (17 + -9 + -10 + -6).
20
(-2 - 12) + (16 - -1)
3
What is the value of -30 - -26 - (0 + -34 - (-41 + 33))?
22
140 + -135 + (-32 - 2)
-29
What is -8 - (1 + 5) - (0 + -2)?
-12
(1 - -20) + (-1372 - -1323)
-28
What is 5 - (-13 + -1 - (174 - 220))?
-27
Calculate -13 + -1 - (53 + -24 + -35).
-8
Evaluate -1 + -6 + 6 + 0.
-1
What is the value of -19 - -22 - 10 - -15?
8
Evaluate 69 + -81 - (0 - (4 + -1)).
-9
What is the value of 6 - (-6 + 24 + -17)?
5
What is the value of 17 + 9 + -17 - ((6 - 3) + 25)?
-19
Calculate 3 + -4 + 8 - 34.
-27
What is the value of -7 - (-70 - -79 - (5 - 3 - -6))?
-8
(32 - 36) + (-3 - 5) - (-1 - 2)
-9
2 + 7 - ((20 - 16) + 12)
-7
What is the value of 1 - 15 - (31 + -34)?
-11
Calculate 7 - -8 - (-3 - (2 + 10)).
30
23 + -23 - (-3 - (-6 + (-4 - -2)))
-5
What is -2 + (1 - 0) + (-12 - (-4 - 10))?
1
(-13 - (9 + -12)) + 10 + -14 + 7
-7
14 + (-7 - (-6 - -3)) + -7
3
Evaluate 3 + -5 + 0 + (-1 - -21) + 2.
20
Evaluate 26 - 40 - (0 - 7).
-7
-5 - ((-1 - 2) + -13)
11
What is the value of -4 - (-2 + 12 + (-18 - -13))?
-9
What is the value of (-33 - (65 - 87)) + (6 + -2 - -2)?
-5
-4 + (-5 + (7 - -3) - 9)
-8
(9 - (7 - -9)) + -5 + 8
-4
13 - 23 - 8 - -25
7
Calculate 8 - (-24 + 4 - (9 + -18)).
19
Evaluate -2 - (-5 + 1 + 1 + 0 + -7).
8
Evaluate -8 - (-9 - (-4 + -9)) - -3.
-9
Calculate -6 + (-5 - (-5 - (3 - 7))).
-10
What is 0 - 19 - -24 - (21 - 2)?
-14
What is the value of -2 - (0 + 7 - (-9 - (-33 + 24)))?
-9
-6 + -10 + -4 + 30 + -6
4
Evaluate (7 + -8 - 10) + -1.
-12
Calculate -130 + 132 - (-10 - (0 + 0)).
12
Calculate 8 + -7 + (-5 - (-9 + -3)).
8
Evaluate -15 + 11 + -8 - 10.
-22
What is the value of -9 - 3 - (6 + -48 + 11)?
19
Evaluate -1 + -7 - (344 + -371).
19
What is 2 + -11 + 1 + 13?
5
Calculate (-9 - (-40 + 21 + -12)) + -11.
11
Evaluate (-29 - -33) + (5 - -2) - 5.
6
What is the value of (53 + -46 + -7 + 0 - -3) + -6?
-3
What is 1 + -11 + (34 - 17 - 19)?
-12
What is the value of 1 + -1 - (-1 + 11 + -5 + -13)?
8
What is the value of (-46 - -28) + 1 - 10?
-27
Calculate 4 + 13 - 26 - (0 - -1).
-10
What is 1 + (2 + -7 - -18)?
14
What is the value of 0 + 5 + 0 - (9 - (-4 - -4))?
-4
What is the value of (0 - -3) + -14 + 8 + -13?
-16
Evaluate -15 - (10 - 32) - (-14 - 0).
21
-13 + 39 + -18 + 5
13
Calculate 0 + (-1 - 2 - (-9 + -18)).
24
What is the value of (-2 - -1) + (5 - 1) + 8 + 0?
11
Calculate (1 - -3) + 3 + 7 - 7 - 6.
1
What is -20 - (9 - (-10 + 13))?
-26
Calculate -13 + 80 + -81 + (6 - 0).
-8
What is the value of (25 + -26 - 1) + 20?
18
Evaluate -44 + (15 - (11 + 2) - -13).
-29
-2 - -2 - -1 - (-21 - (-13 - 9))
0
Calculate 0 - -7 - (-10 + (-1 - (14 + -6))).
26
Evaluate 16 + -1 + (-17 - -6).
4
Calculate -60 - -57 - (0 - 8).
5
(-5 + 5 - (4 - 4)) + 7 + -20
-13
What is -1 + -14 + 6 + (-1 - 2 - 0)?
-12
Calculate -7 - (19 + (-12 - -8)).
-22
Evaluate -3 + -1 - (-1 + 0 + (-403 - -414)).
-14
What is (-8 - 2) + (-1 - 6) + 3 + 0?
-14
Evaluate 8 + 6 + (-12 - -1) + -1 + -9.
-7
Calculate 28 - (-3 - (-43 + -6)).
-18
(2 - 6 - (16 + -39)) + -9
10
Evaluate 10 - (18 - -11) - 3.
-22
What is the value of -92 - -92 - (-10 + 1)?
9
-6 + (-47 - -41 - (-8 - -1)) - -7
2
42 - 46 - (-3 - 0) - (1 + 16)
-18
Evaluate (-8 - (-19 - -11)) + (6 - 2) + 1.
5
What is 7 + 17 - 20 - -17?
21
What is -2 + (1 - (5 - -6)) + 6?
-6
What is 0 + 12 + (33 - 45)?
0
Evaluate -4 - (-45 + 0 + 5 + 5 - -9).
22
Calculate -16 - (69 + -30 + -32).
-23
2 - (14 - (-25 - -38))
1
-10 + 4 - 8 - (8 + -5)
-17
Calculate (7 - 2 - (25 + -15)) + (2 - -3).
0
(5 - 2) + (-76 - -68)
-5
What is the value of 5 - (5 - (-9 - -3))?
-6
What is the value of -89 + 76 + 16 + -9?
-6
Evaluate -4 - -13 - ((-43 - -47) + (-9 - 1)).
15
What is 4 + (55 + -49 - (-2 + 7))?
5
Calculate 14 + -13 - (-6 - (-19 + 6)).
-6
(101 - 102) + (5 - -5)
9
(3 - (-7 - (-18 + 2))) + 0 + 12
6
Calculate 6 - ((-5 - 2) + (-25 - -48)).
-10
2 - (-1 + -1) - (-27 + 21)
10
Calculate 8 - ((20 - (2 + 13)) + (-22 - -2)).
23
-2 + -2 + -2 + -6 + 5 + -33
-40
Evaluate 44 + -35 + -6 + -1 + -3.
-1
Calculate -1 - 0 - -8 - ((-19 - -25) + -15).
16
Calculate 15 - ((-1 - (4 - 10) - 9) + 6).
13
What is -3 + -11 + -4 + -3 + 9?
-12
What is -86 + 162 + -79 - (6 - -1)?
-10
Calculate (3 - (0 + 29)) + -34 + (55 - 10).
-15
Calculate -2 - (1 - (3 - 5)) - (-6 - -2).
-1
What is the value of (-42 - -58) + 13 + -1 + -12?
16
Calculate -17 - ((11 - (5 + (1 - 0))) + -12).
-10
What is -4 - -4 - (-11 - (-14 - -9))?
6
Calculate 6 + 1 - (80 - 92).
19
Evaluate (3 - -15) + -12 + -1.
5
What is -158 + 152 - (-5 + (5 + -1 - 8))?
3
What is 22 + -8 + 27 + -10 + -17?
14
What is the value of -4 + -18 + (-1 - -14)?
-9
What is the value of 2 - -2 - -4 - 1?
7
What is the value of (-5 - (-1 - 13) - 7) + 5 + 1?
8
Evaluate (-3 + 3 - -12) + -22.
-10
Evaluate -1 + (31 - (27 + -8)).
11
What is the value of (410 - 428) + (-4 - 17) + 1?
-38
What is the value of 10 - (2 - (0 - 25))?
-17
What is the value of (17 + -38 - -14) + -2 + 20?
11
What is 11 + 0 + (11 - 13)?
9
Calculate 134 + -115 - (-4 - (-3 + -2)).
18
What is the value of 25 + (24 - (-2 + 32))?
19
Calculate -3 - 0 - -11 - (-17 - -4 - -23).
-2
Calculate -2 - 9 - (-3 + -3 + (-14 - -14)).
-5
What is 11 - (12 + -33 + 3 + 1 + -4)?
32
What is 6 + -4 - (-25 + (9 - -7))?
11
Calculate (1 - -23) + 82 + -115 + 17.
8
Evaluate (-3 - (7 + -8)) + -6 + (4 - -9).
5
Calculate 6 + -1 + (33 + -7 - 12 - 11).
8
What is the value of (12 - -1 - (1 - 2 - -7)) + -6?
1
What is 3 - 3 - 8 - (11 + 1 + -14)?
-6
Evaluate 6 + (-16 - -18 - (-2 + -1)).
11
Evaluate 30 - -41 - 70 - (1 + -12).
12
What is the value of (-5 - 4 - -4) + 64 + -55?
4
Calculate (-2201 - -2201) + (22 + -2 + 1 - -2).
23
Evaluate (84 - 93) + 1 + 1 + 28.
21
Calculate (3 - 4 - 9) + (-26 - -12 - -17).
-7
Calculate (-22 - -15) + 14 + (6 - 31).
-18
Calculate 15 - (-6 - (-32 - -12)).
1
What is -3 + 2 + -4 + (0 - 4)?
-9
Evaluate (-1 - 3) + -393 + 405.
8
What is the value of 22 - 16 - (2 - 7 - 5)?
16
Calculate -16 + (12 - (-3 - -3 - -8)).
-12
What is the value of -6 + (6 - 2 - 2) + -3?
-7
What is the value of -29 + 6 + -1 + -9 + 12?
-21
Evaluate 12 + -4 + (6 - 11 - -4) + -4.
3
What is the value of 22 - (-10 + (13 - -14))?
5
Calculate -3 - (-9 - (-5 + 4 + 0) - -3).
2
Calculate 30 + -18 + -22 + -6.
-16
What is the value of 0 + 20 - ((-2 + 5 - -23) + -32)?
26
What is -66 + 60 + (-2 - 4)?
-12
Evaluate 20 + (52 + 2 - 40).
34
What is the value of (-10 - 1) + (72 - 25) + -29 + -5?
2
-12 - ((8 - 26) + 7 - (-5 - -12))
6
Evaluate 7 - 1 - (4 + -6 + 1 - -6).
1
17 + (-59 + 70 - (7 + 0))
21
Calculate (-1 - -1) + 4 - (-14 - 0).
18
What is 4 + -3 + -3 + 3 + -3?
-2
What is the value of 3 + 0 - (-1 - -14)?
-10
Calculate 12 + (-10 + 7 + -4 - -4).
9
Calculate -1 + 18 - (3 + -1).
15
Calculate 22 + -14 + 4 - -3 - (1 - 3).
17
(1 - (-3 + 10)) + 8 + 1 + -13
-10
What is (-30 - -17) + (26 - (-1 - -3))?
11
What is -24 + -15 + 21 + 22?
4
What is 2 + 8 + (0 - 6)?
4
Calculate -9 - (-6 + -14 + 2).
9
Evaluate (-1 + -8 - (-68 + 56)) + (-1 - -1).
3
Evaluate (1 + 0 - (-93 - -91)) + -28.
-25
Evaluate 11 + -2 + 21 - 17.
1